est common factor of 4741748132 and 1268?
1268
What is the greatest common divisor of 527360 and 1128056?
824
Calculate the greatest common divisor of 3056062 and 317374.
3566
What is the highest common divisor of 423 and 5102931?
141
What is the greatest common factor of 2199278 and 1434?
478
Calculate the greatest common divisor of 547722 and 58282.
322
What is the greatest common factor of 24853 and 79344?
29
Calculate the highest common divisor of 729560 and 2032.
8
What is the greatest common divisor of 5326533 and 513?
27
What is the greatest common divisor of 11740 and 16239355?
2935
Calculate the greatest common divisor of 16422 and 611961.
483
Calculate the greatest common factor of 1318011 and 8664.
1083
What is the greatest common factor of 2280 and 3287640?
120
Calculate the highest common factor of 2057316 and 181353.
2973
What is the greatest common divisor of 711 and 337944?
3
Calculate the greatest common divisor of 64169900 and 1700.
1700
What is the greatest common factor of 502182 and 50163?
69
What is the greatest common factor of 7363168 and 6104?
872
Calculate the greatest common divisor of 86629 and 71.
1
What is the greatest common divisor of 14353748 and 828?
92
Calculate the greatest common divisor of 10764 and 11237148.
468
Calculate the highest common divisor of 115882478 and 436.
218
Calculate the highest common divisor of 5025 and 66975.
75
Calculate the greatest common factor of 17320 and 36889435.
2165
Calculate the greatest common divisor of 21160 and 12911303.
529
Calculate the greatest common divisor of 1134256 and 112.
16
Calculate the greatest common factor of 18972 and 1371564.
1116
What is the highest common divisor of 96 and 339900?
12
Calculate the highest common factor of 10 and 8444285.
5
What is the highest common factor of 1800303729 and 21?
21
Calculate the highest common factor of 640 and 7158880.
160
Calculate the greatest common divisor of 43268500 and 100.
100
Calculate the highest common factor of 10248 and 11993088.
1464
What is the highest common divisor of 313504 and 1067?
97
Calculate the greatest common divisor of 5336 and 43971308.
2668
What is the highest common divisor of 490 and 18081490?
490
What is the greatest common factor of 296 and 27000?
8
Calculate the highest common factor of 3999492 and 4284.
252
Calculate the greatest common factor of 778563 and 16704.
261
Calculate the greatest common factor of 840960 and 120.
120
What is the highest common factor of 26673 and 3721668?
1569
Calculate the highest common factor of 144 and 171172176.
48
What is the highest common factor of 20790 and 1135242?
54
What is the greatest common divisor of 86944 and 6458936?
1672
What is the greatest common divisor of 385743 and 267?
3
Calculate the highest common factor of 792 and 17437992.
264
Calculate the greatest common factor of 64561320 and 810.
270
Calculate the highest common divisor of 213469 and 6595456.
7361
Calculate the greatest common factor of 553 and 1380638.
7
Calculate the highest common factor of 707392103 and 12333.
4111
What is the greatest common factor of 5567984 and 6192?
688
Calculate the highest common divisor of 13046 and 6876428.
1186
What is the highest common divisor of 638 and 484650958?
638
What is the highest common divisor of 211258 and 214650?
106
Calculate the greatest common factor of 607317 and 27661098.
6261
What is the highest common divisor of 264943 and 51989?
49
What is the greatest common factor of 1735 and 1335535?
5
Calculate the highest common divisor of 266199355 and 230.
115
What is the highest common divisor of 5417303 and 7?
1
Calculate the highest common divisor of 4963520 and 2240.
320
What is the highest common divisor of 4714 and 3974?
2
Calculate the greatest common divisor of 60 and 5933940.
60
What is the greatest common factor of 9 and 26906670?
9
Calculate the greatest common factor of 1401 and 124542829.
467
Calculate the highest common divisor of 33835 and 1129955.
335
What is the greatest common divisor of 23433696 and 77?
11
What is the greatest common factor of 1884 and 164981252?
628
What is the highest common divisor of 2846124 and 59508?
2052
Calculate the greatest common factor of 6556 and 18000988.
596
Calculate the greatest common factor of 135675 and 439059375.
15075
Calculate the highest common factor of 7515105 and 195.
195
What is the highest common factor of 6886502 and 42?
14
What is the greatest common factor of 466 and 13994?
2
Calculate the greatest common divisor of 148 and 80821061.
37
Calculate the highest common factor of 1476 and 150388533.
369
Calculate the greatest common divisor of 12 and 1828884.
12
Calculate the greatest common factor of 2541 and 177446379.
363
What is the greatest common divisor of 15405672 and 1464?
1464
Calculate the greatest common factor of 27841 and 374588.
2531
What is the greatest common factor of 45158585 and 20?
5
What is the greatest common divisor of 51 and 384541411?
17
Calculate the highest common factor of 270 and 37317060.
90
What is the greatest common factor of 153 and 27464452?
17
Calculate the greatest common divisor of 392 and 1044528296.
392
Calculate the highest common divisor of 70385 and 3804812.
2011
What is the greatest common divisor of 224 and 18512936?
8
What is the highest common divisor of 16988 and 914338?
274
Calculate the highest common divisor of 219011105 and 265.
265
Calculate the greatest common factor of 1196659 and 406723.
2351
What is the greatest common factor of 600562448 and 16?
16
Calculate the highest common factor of 305668 and 92620.
44
Calculate the greatest common divisor of 1444086 and 140364.
126
Calculate the highest common factor of 159717633 and 6.
3
Calculate the highest common factor of 1148 and 32111324.
28
Calculate the greatest common divisor of 39500 and 781500.
500
What is the greatest common factor of 90753 and 709735?
2327
Calculate the greatest common factor of 178350 and 2153250.
4350
What is the greatest common factor of 14928 and 284?
4
Calculate the highest common divisor of 385340 and 145.
5
Calculate the greatest common factor of 2342722 and 4.
2
Calculate the greatest common factor of 42005789 and 98.
49
Calculate the highest common factor of 42293540 and 60.
20
Calculate the highest common divisor of 912 and 244540792.
152
What is the highest common divisor of 6272078 and 872?
218
Calculate the highest common divisor of 38 and 1955446.
2
Calculate the greatest common factor of 3119284 and 5858.
202
What is the greatest common divisor of 1738 and 92880458?
1738
Calculate the highest common factor of 289049797 and 8122.
4061
Calculate the greatest common factor of 46 and 116104138.
46
Calculate the highest common divisor of 96 and 12959040.
96
Calculate the highest common factor of 1917 and 174213.
9
What is the highest common factor of 66 and 29456339?
11
What is the highest common divisor of 47771154 and 54?
54
Calculate the highest common factor of 6 and 13451.
1
What is the highest common factor of 54 and 586899?
27
Calculate the highest common divisor of 124952250 and 750.
750
Calculate the highest common factor of 2977 and 4069.
13
What is the greatest common divisor of 9741 and 26426569?
191
What is the greatest common divisor of 3940424 and 845787?
1097
What is the greatest common divisor of 38 and 184930?
2
What is the highest common factor of 64890 and 288487035?
4635
What is the highest common factor of 23577576 and 184?
184
Calculate the highest common divisor of 2542080 and 672.
96
Calculate the greatest common factor of 3845976 and 3438.
1146
Calculate the greatest common factor of 1463 and 63289.
19
What is the greatest common factor of 42319888 and 208?
208
Calculate the greatest common factor of 960 and 20944704.
192
What is the greatest common factor of 37254414 and 6?
6
Calculate the highest common divisor of 14 and 194422816.
14
What is the greatest common factor of 114068318 and 546?
182
Calculate the highest common divisor of 7739 and 1179168.
71
What is the highest common factor of 799 and 324751952?
799
What is the highest common factor of 1076300 and 150?
50
Calculate the highest common factor of 6999 and 3851783.
2333
What is the greatest common factor of 140044 and 256004?
892
Calculate the 